{"id":18,"date":"2016-04-08T14:07:16","date_gmt":"2016-04-08T14:07:16","guid":{"rendered":"http:\/\/www.fingersafe.fi\/sormisuojat\/?page_id=18"},"modified":"2016-04-08T15:17:04","modified_gmt":"2016-04-08T15:17:04","slug":"tuote","status":"publish","type":"page","link":"http:\/\/www.fingersafe.fi\/sormisuojat\/tuote\/","title":{"rendered":"Tuote"},"content":{"rendered":"<div id=\"pl-18\"  class=\"panel-layout\" ><div id=\"pg-18-0\"  class=\"panel-grid panel-no-style\" ><div id=\"pgc-18-0-0\"  class=\"panel-grid-cell\" ><div id=\"panel-18-0-0-0\" class=\"so-panel widget widget_sow-editor panel-first-child panel-last-child\" data-index=\"0\" ><div class=\"so-widget-sow-editor so-widget-sow-editor-base\"><h3 class=\"widget-title\"> Fingersafe suojaa sormesi<\/h3>\n<div class=\"siteorigin-widget-tinymce textwidget\">\n\t<p><a href=\"http:\/\/www.fingersafe.fi\/sormisuojat\/wp-content\/uploads\/2016\/04\/RT-KORTTI.pdf\" target=\"_blank\" rel=\"attachment wp-att-24\"><img loading=\"lazy\" class=\"alignright size-medium wp-image-24\" src=\"http:\/\/www.fingersafe.fi\/sormisuojat\/wp-content\/uploads\/2016\/04\/kortti-225x300.jpg\" alt=\"kortti\" width=\"225\" height=\"300\" srcset=\"http:\/\/www.fingersafe.fi\/sormisuojat\/wp-content\/uploads\/2016\/04\/kortti-225x300.jpg 225w, http:\/\/www.fingersafe.fi\/sormisuojat\/wp-content\/uploads\/2016\/04\/kortti.jpg 300w\" sizes=\"(max-width: 225px) 100vw, 225px\" \/><\/a>Suomessa tapahtuu vuosittain useita tuhansia t\u00e4ysin turhia ja v\u00e4ltett\u00e4viss\u00e4 olevia tapaturmia avattavien ja suljettavien ovien kanssa.<\/p>\n<p>Jokainen tapahtunut sormitapaturma on \u00e4\u00e4rimm\u00e4isen tuskallinen, ja j\u00e4tt\u00e4\u00e4 yleens\u00e4 pysyv\u00e4t j\u00e4ljet sormiin tai niveliin. Erityisen vaarallinen sormitapaturma on silloin, kun sormet j\u00e4\u00e4v\u00e4t oven saranapuolen v\u00e4liin.<\/p>\n<p>Oven saranapuolella sormiin kohdistuva voima on moni kymmenkertainen verrattuna oven avautuvan puolen voimaan. Oven saranapuolen v\u00e4liin j\u00e4\u00e4v\u00e4t sormet vaurioituvat l\u00e4hes poikkeuksetta eritt\u00e4in pahoin. Suurin riskiryhm\u00e4 sormitapaturmille ovat 2-15 vuotiaat lapset, sek\u00e4 fyysisilt\u00e4 toiminnoiltaan rajoittuneet henkil\u00f6t paikoissa, joissa ihmisi\u00e4 on paljon.<\/p>\n<p>Fingersafe on oven saranapuolelle asennettava sormisuoja, jolla estet\u00e4\u00e4n tehokkaasti sormien joutuminen oven saranapuolen v\u00e4liin. Patentoidun mekanisminsa ansiosta se \u201dheitt\u00e4\u00e4\u201d sormet pois suljettavan tai avattavan ovan v\u00e4list\u00e4.<\/p>\n<p>Fingersafe sormisuojat soveltuu k\u00e4ytett\u00e4v\u00e4ksi erityisen hyvin:<\/p>\n<p><strong><em>-p\u00e4iv\u00e4kodeissa ja kouluissa<\/em><\/strong><\/p>\n<p><strong><em>-palvelutaloissa ja hoitolaitoksissa<\/em><\/strong><\/p>\n<p><strong><em>-sairaaloissa ja terveyskeskuksissa<\/em><\/strong><\/p>\n<p><strong><em>-julkishallinnon rakennuksissa<\/em><\/strong><\/p>\n<p><strong><em>-ravintoloissa ja hotelleissa<\/em><\/strong><\/p>\n<p>..sek\u00e4 kaikissa muissa paikoissa, joissa ihmisi\u00e4 on paljon.<\/p>\n<p>Fingersafe sormisuoja on valmistettu kest\u00e4v\u00e4st\u00e4 PVC-U materiaalista, ja on tarkoitettu kest\u00e4m\u00e4\u00e4n \u00e4\u00e4rimm\u00e4isen kovaa k\u00e4ytt\u00f6\u00e4.<\/p>\n<p>Fingersafe\u00ae sormisuoja on kest\u00e4v\u00e4, helposti asennettava ja huomaamaton suoja sormivahinkojen v\u00e4ltt\u00e4miseksi.<\/p>\n<p>MALLIT:<br \/> <strong>MK1A Normaali karmiset ovet. <\/strong><\/p>\n<p><strong>MK1C metalliset ulko-ovet, kuraeteisten metalliovet, palo-ovet, wc koppien ovet yms. <\/strong><\/p>\n<p><strong>MK1B saranan puolelle, MK1A:n tai MK1C:n vastapari<\/strong><\/p>\n<p><em><strong>-valmistusmaa Englanti<\/strong><\/em><\/p>\n<p><em><strong>-maailmanlaajuisesti patentoitu, eurooppalainen patentti numero 0611410.<\/strong><\/em><\/p>\n<p><em><strong>-paloturvallisuus testattu (Underwrites Laboratories Ltd.)<\/strong><\/em><\/p>\n<p><em><strong>-t\u00e4ysin UV suojattu<\/strong><\/em><\/p>\n<p><em><strong>-valmistusmateriaali joustava PVC-U<\/strong><\/em><\/p>\n<p><em><strong>2-vuoden t\u00e4ystakuu<\/strong><\/em><\/p>\n<p>Katso v\u00e4rit ja tarkemmat tiedot RT-kortista.<\/p>\n<\/div>\n<\/div><\/div><\/div><\/div><\/div>","protected":false},"excerpt":{"rendered":"<p>Suomessa tapahtuu vuosittain useita tuhansia t\u00e4ysin turhia ja v\u00e4ltett\u00e4viss\u00e4 olevia tapaturmia avattavien ja suljettavien ovien kanssa.Jokainen tapahtunut sormitapaturma on \u00e4\u00e4rimm\u00e4isen tuskallinen, ja j\u00e4tt\u00e4\u00e4 yleens\u00e4 pysyv\u00e4t j\u00e4ljet sormiin tai niveliin. Erityisen vaarallinen sormitapaturma on silloin, kun sormet j\u00e4\u00e4v\u00e4t oven saranapuolen v\u00e4liin.Oven saranapuolella sormiin kohdistuva voima on moni kymmenkertainen verrattuna oven avautuvan puolen voimaan. Oven saranapuolen v\u00e4liin &#8230; <a title=\"Tuote\" class=\"read-more\" href=\"http:\/\/www.fingersafe.fi\/sormisuojat\/tuote\/\" aria-label=\"More on Tuote\">Lue lis\u00e4\u00e4<\/a><\/p>\n","protected":false},"author":1,"featured_media":0,"parent":0,"menu_order":0,"comment_status":"closed","ping_status":"closed","template":"","meta":[],"_links":{"self":[{"href":"http:\/\/www.fingersafe.fi\/sormisuojat\/wp-json\/wp\/v2\/pages\/18"}],"collection":[{"href":"http:\/\/www.fingersafe.fi\/sormisuojat\/wp-json\/wp\/v2\/pages"}],"about":[{"href":"http:\/\/www.fingersafe.fi\/sormisuojat\/wp-json\/wp\/v2\/types\/page"}],"author":[{"embeddable":true,"href":"http:\/\/www.fingersafe.fi\/sormisuojat\/wp-json\/wp\/v2\/users\/1"}],"replies":[{"embeddable":true,"href":"http:\/\/www.fingersafe.fi\/sormisuojat\/wp-json\/wp\/v2\/comments?post=18"}],"version-history":[{"count":8,"href":"http:\/\/www.fingersafe.fi\/sormisuojat\/wp-json\/wp\/v2\/pages\/18\/revisions"}],"predecessor-version":[{"id":29,"href":"http:\/\/www.fingersafe.fi\/sormisuojat\/wp-json\/wp\/v2\/pages\/18\/revisions\/29"}],"wp:attachment":[{"href":"http:\/\/www.fingersafe.fi\/sormisuojat\/wp-json\/wp\/v2\/media?parent=18"}],"curies":[{"name":"wp","href":"https:\/\/api.w.org\/{rel}","templated":true}]}}